{"id":475,"date":"2023-05-07T13:04:43","date_gmt":"2023-05-07T13:04:43","guid":{"rendered":"https:\/\/sarlagrimax.com\/?post_type=product&#038;p=475"},"modified":"2023-05-07T13:08:29","modified_gmt":"2023-05-07T13:08:29","slug":"green-max-n30","status":"publish","type":"product","link":"https:\/\/sarlagrimax.com\/?product=green-max-n30","title":{"rendered":"Green Max N30"},"content":{"rendered":"","protected":false},"excerpt":{"rendered":"<p>est un engrais \u00e9quilibr\u00e9 en NPK liquide, riche en azote, sp\u00e9cialement con\u00e7u pourun reverdissement rapide et une acc\u00e9l\u00e9ration de la croissance pour tous v\u00e9g\u00e9taux.<\/p>\n","protected":false},"featured_media":477,"comment_status":"open","ping_status":"closed","template":"","meta":{"_mi_skip_tracking":false},"product_cat":[21],"product_tag":[],"aioseo_notices":[],"_links":{"self":[{"href":"https:\/\/sarlagrimax.com\/index.php?rest_route=\/wp\/v3\/product\/475"}],"collection":[{"href":"https:\/\/sarlagrimax.com\/index.php?rest_route=\/wp\/v3\/product"}],"about":[{"href":"https:\/\/sarlagrimax.com\/index.php?rest_route=\/wp\/v2\/types\/product"}],"replies":[{"embeddable":true,"href":"https:\/\/sarlagrimax.com\/index.php?rest_route=%2Fwp%2Fv2%2Fcomments&post=475"}],"wp:featuredmedia":[{"embeddable":true,"href":"https:\/\/sarlagrimax.com\/index.php?rest_route=\/wp\/v2\/media\/477"}],"wp:attachment":[{"href":"https:\/\/sarlagrimax.com\/index.php?rest_route=%2Fwp%2Fv2%2Fmedia&parent=475"}],"wp:term":[{"taxonomy":"product_cat","embeddable":true,"href":"https:\/\/sarlagrimax.com\/index.php?rest_route=%2Fwp%2Fv2%2Fproduct_cat&post=475"},{"taxonomy":"product_tag","embeddable":true,"href":"https:\/\/sarlagrimax.com\/index.php?rest_route=%2Fwp%2Fv2%2Fproduct_tag&post=475"}],"curies":[{"name":"wp","href":"https:\/\/api.w.org\/{rel}","templated":true}]}}